{"id":8302,"date":"2021-05-21T10:15:07","date_gmt":"2021-05-21T10:15:07","guid":{"rendered":"http:\/\/egr.cat\/?page_id=8302"},"modified":"2021-06-06T13:22:16","modified_gmt":"2021-06-06T13:22:16","slug":"viatges","status":"publish","type":"page","link":"https:\/\/egr.cat\/index.php\/atges\/viatges\/","title":{"rendered":"Viatges"},"content":{"rendered":"\n<p class=\"has-luminous-vivid-amber-color has-text-color\">Aqu\u00ed trobarem les gal\u00b7ler\u00edes de fotos dels diferents viatges que he anat fent al llarg de la era digital. Ha de ser complementari als blogs, que comen\u00e7ar\u00e9 m\u00e9s endevant a publicar, on recullir\u00e9 trajectes, m\u00e9s fotos, consells, adreces, links, etc.<\/p>\n\n\n\n<div class=\"ngg-pro-album nextgen_pro_grid_album\" id=\"displayed_gallery_cf70525874032efce3ed3aca2936b2e2\">\n            <div class='image_container'>\n            <div class='image_link_wrapper'>\n                                <span class=\"gallery_link\">\n                    <a href='https:\/\/egr.cat\/index.php\/atges\/viatges\/nggallery\/viatges-1\/eeuu'\n                               title=''><picture>\n\t\n<source srcset='https:\/\/egr.cat\/wp-content\/gallery\/eeuu\/thumbs\/thumbs_EGR8317.jpg, https:\/\/egr.cat\/wp-content\/gallery\/eeuu\/cache\/EGR8317.jpg-nggid0102000000190-ngg0dyn-360x240x100-00f0w010c010r110f110r010t010.jpg 2x' media=''>\n<img class=\"gallery_preview\" title=\"EGR8317\" alt=\"EGR8317\" width=\"180\" height=\"120\" style=\"max-width:180px;max-height:120px\" src=\"https:\/\/egr.cat\/wp-content\/gallery\/eeuu\/thumbs\/thumbs_EGR8317.jpg\" srcset=\"https:\/\/egr.cat\/wp-content\/gallery\/eeuu\/thumbs\/thumbs_EGR8317.jpg, https:\/\/egr.cat\/wp-content\/gallery\/eeuu\/cache\/EGR8317.jpg-nggid0102000000190-ngg0dyn-360x240x100-00f0w010c010r110f110r010t010.jpg 2x\" onerror=\"nggRetryFailedImage(this);\"\/>\n<\/picture>                    <\/a>\n                <\/span>\n                <span class=\"caption_link\">\n                    <a href='https:\/\/egr.cat\/index.php\/atges\/viatges\/nggallery\/viatges-1\/eeuu'\n                               title=''>EEUU<\/a>\n                <\/span>\n                <div class=\"image_description\">\n                                    <\/div>\n                <br class=\"clear\"\/>\n            <\/div>\n        <\/div>\n            <div class='image_container'>\n            <div class='image_link_wrapper'>\n                                <span class=\"gallery_link\">\n                    <a href='https:\/\/egr.cat\/index.php\/atges\/viatges\/nggallery\/viatges-1\/namibia-6'\n                               title=''><picture>\n\t\n<source srcset='https:\/\/egr.cat\/wp-content\/gallery\/namibia-1\/thumbs\/thumbs_IMG_4891photo.jpg, https:\/\/egr.cat\/wp-content\/gallery\/namibia-1\/cache\/IMG_4891photo.jpg-nggid0102000000333-ngg0dyn-320x240x100-00f0w010c010r110f110r010t010.jpg 2x' media=''>\n<img class=\"gallery_preview\" title=\"IMG_4891photo\" alt=\"IMG_4891photo\" width=\"160\" height=\"120\" style=\"max-width:160px;max-height:120px\" src=\"https:\/\/egr.cat\/wp-content\/gallery\/namibia-1\/thumbs\/thumbs_IMG_4891photo.jpg\" srcset=\"https:\/\/egr.cat\/wp-content\/gallery\/namibia-1\/thumbs\/thumbs_IMG_4891photo.jpg, https:\/\/egr.cat\/wp-content\/gallery\/namibia-1\/cache\/IMG_4891photo.jpg-nggid0102000000333-ngg0dyn-320x240x100-00f0w010c010r110f110r010t010.jpg 2x\" onerror=\"nggRetryFailedImage(this);\"\/>\n<\/picture>                    <\/a>\n                <\/span>\n                <span class=\"caption_link\">\n                    <a href='https:\/\/egr.cat\/index.php\/atges\/viatges\/nggallery\/viatges-1\/namibia-6'\n                               title=''>Namibia<\/a>\n                <\/span>\n                <div class=\"image_description\">\n                                    <\/div>\n                <br class=\"clear\"\/>\n            <\/div>\n        <\/div>\n    <\/div>\n\n","protected":false},"excerpt":{"rendered":"<p>Aqu\u00ed trobarem les gal\u00b7ler\u00edes de fotos dels diferents viatges que he anat fent al llarg de la era digital. Ha de ser complementari als blogs, que comen\u00e7ar\u00e9 m\u00e9s endevant a publicar, on recullir\u00e9 trajectes, m\u00e9s fotos, consells, adreces, links, etc.<\/p>\n","protected":false},"author":1,"featured_media":0,"parent":8332,"menu_order":1,"comment_status":"closed","ping_status":"closed","template":"templates\/landing.php","meta":{"ngg_post_thumbnail":0},"_links":{"self":[{"href":"https:\/\/egr.cat\/index.php\/wp-json\/wp\/v2\/pages\/8302"}],"collection":[{"href":"https:\/\/egr.cat\/index.php\/wp-json\/wp\/v2\/pages"}],"about":[{"href":"https:\/\/egr.cat\/index.php\/wp-json\/wp\/v2\/types\/page"}],"author":[{"embeddable":true,"href":"https:\/\/egr.cat\/index.php\/wp-json\/wp\/v2\/users\/1"}],"replies":[{"embeddable":true,"href":"https:\/\/egr.cat\/index.php\/wp-json\/wp\/v2\/comments?post=8302"}],"version-history":[{"count":8,"href":"https:\/\/egr.cat\/index.php\/wp-json\/wp\/v2\/pages\/8302\/revisions"}],"predecessor-version":[{"id":8816,"href":"https:\/\/egr.cat\/index.php\/wp-json\/wp\/v2\/pages\/8302\/revisions\/8816"}],"up":[{"embeddable":true,"href":"https:\/\/egr.cat\/index.php\/wp-json\/wp\/v2\/pages\/8332"}],"wp:attachment":[{"href":"https:\/\/egr.cat\/index.php\/wp-json\/wp\/v2\/media?parent=8302"}],"curies":[{"name":"wp","href":"https:\/\/api.w.org\/{rel}","templated":true}]}}

<p class="has-luminous-vivid-amber-color has-text-color">Aquí trobarem les gal·leríes de fotos dels diferents viatges que he anat fent al llarg de la era digital. Ha de ser complementari als blogs, que començaré més endevant a publicar, on reculliré trajectes, més fotos, consells, adreces, links, etc.</p>



<div class="ngg-pro-album nextgen_pro_grid_album" id="displayed_gallery_cf70525874032efce3ed3aca2936b2e2">
            <div class='image_container'>
            <div class='image_link_wrapper'>
                                <span class="gallery_link">
                    <a href='https://egr.cat/index.php/atges/viatges/nggallery/viatges-1/eeuu'
                               title=''><picture>
	
<source srcset='https://egr.cat/wp-content/gallery/eeuu/thumbs/thumbs_EGR8317.jpg, https://egr.cat/wp-content/gallery/eeuu/cache/EGR8317.jpg-nggid0102000000190-ngg0dyn-360x240x100-00f0w010c010r110f110r010t010.jpg 2x' media=''>
<img class="gallery_preview" title="EGR8317" alt="EGR8317" width="180" height="120" style="max-width:180px;max-height:120px" src="https://egr.cat/wp-content/gallery/eeuu/thumbs/thumbs_EGR8317.jpg" srcset="https://egr.cat/wp-content/gallery/eeuu/thumbs/thumbs_EGR8317.jpg, https://egr.cat/wp-content/gallery/eeuu/cache/EGR8317.jpg-nggid0102000000190-ngg0dyn-360x240x100-00f0w010c010r110f110r010t010.jpg 2x" onerror="nggRetryFailedImage(this);"/>
</picture>                    </a>
                </span>
                <span class="caption_link">
                    <a href='https://egr.cat/index.php/atges/viatges/nggallery/viatges-1/eeuu'
                               title=''>EEUU</a>
                </span>
                <div class="image_description">
                                    </div>
                <br class="clear"/>
            </div>
        </div>
            <div class='image_container'>
            <div class='image_link_wrapper'>
                                <span class="gallery_link">
                    <a href='https://egr.cat/index.php/atges/viatges/nggallery/viatges-1/namibia-6'
                               title=''><picture>
	
<source srcset='https://egr.cat/wp-content/gallery/namibia-1/thumbs/thumbs_IMG_4891photo.jpg, https://egr.cat/wp-content/gallery/namibia-1/cache/IMG_4891photo.jpg-nggid0102000000333-ngg0dyn-320x240x100-00f0w010c010r110f110r010t010.jpg 2x' media=''>
<img class="gallery_preview" title="IMG_4891photo" alt="IMG_4891photo" width="160" height="120" style="max-width:160px;max-height:120px" src="https://egr.cat/wp-content/gallery/namibia-1/thumbs/thumbs_IMG_4891photo.jpg" srcset="https://egr.cat/wp-content/gallery/namibia-1/thumbs/thumbs_IMG_4891photo.jpg, https://egr.cat/wp-content/gallery/namibia-1/cache/IMG_4891photo.jpg-nggid0102000000333-ngg0dyn-320x240x100-00f0w010c010r110f110r010t010.jpg 2x" onerror="nggRetryFailedImage(this);"/>
</picture>                    </a>
                </span>
                <span class="caption_link">
                    <a href='https://egr.cat/index.php/atges/viatges/nggallery/viatges-1/namibia-6'
                               title=''>Namibia</a>
                </span>
                <div class="image_description">
                                    </div>
                <br class="clear"/>
            </div>
        </div>
    </div>

<p>Aquí trobarem les gal·leríes de fotos dels diferents viatges que he anat fent al llarg de la era digital. Ha de ser complementari als blogs, que començaré més endevant a publicar, on reculliré trajectes, més fotos, consells, adreces, links, etc.</p>
